1
Suppose -4*d - 13 = -33. Suppose -4*g + 16 = -d*i, 5 - 17 = -3*i. What is the units digit of g?
9
Let a = 7 - -13. Suppose -4*c = -y - 3*c + a, -4*c = 2*y - 46. What is the tens digit of y?
2
Let j = 20 - -35. What is the tens digit of j?
5
Let v be -26*(-2 + 4) - 2. Let b be 2/(-12) + (-171)/v. Suppose 4 = b*a + 1. What is the units digit of a?
1
Let o = -3 + 15. Let n(w) = -w**2 + 12*w + 11. What is the tens digit of n(o)?
1
Let g = -6 + 17. Let m = g + -4. Let i = -6 + m. What is the units digit of i?
1
Suppose -3*i - 2*i = -240. Suppose 5*z = -4*s + z + i, s = -4*z. What is the units digit of s?
6
Let q = 104 + -61. What is the units digit of q?
3
Let h be (-3 - (0 - 2))*-3. Suppose -h*f + 2 = -40. What is the units digit of f?
4
Let d = 12 + -7. Suppose 11*y = 15*y - 12. Suppose y + d = p. What is the units digit of p?
8
Let i(m) = 15*m**2 + 2*m. What is the hundreds digit of i(-3)?
1
What is the units digit of -1 + 4 + (7 - 9)?
1
Let v be 10/(-4)*(-6)/5. Suppose -v = -i - 0. Suppose 2 = -i*t + 5*f, 2*t + 6*f - 3*f = 5. What is the units digit of t?
1
Suppose -3*h + 136 = -4*i, -2*i - 36 - 32 = 4*h. What is the units digit of (i/4)/(4/(-8))?
7
Let z = -18 + 40. Suppose 0 = -g - 4*k, -2*g - z = -4*g + 3*k. What is the units digit of g?
8
Let o be 4/3 - (-4)/6. Suppose -6*v = -o*v. Let j = v - -7. What is the units digit of j?
7
Suppose -12 = -3*t, -2*j + t + 8 = 3*t. Suppose h - 39 = -4*x, j*x + 3*h - 27 = -2*x. Let r = x + 3. What is the tens digit of r?
1
Let x(q) = 9*q**2 + 1. Let l be x(1). What is the units digit of 4/l + (-112)/(-20)?
6
Suppose p + 5*a = -2*p - 20, 5*a = -5*p - 20. Let f = p + 1. What is the units digit of f?
1
Let m = -13 + 12. What is the units digit of -18*1/m - 3?
5
Suppose -14*c + 216 = -10*c. What is the tens digit of c?
5
Let v(t) = t**2 + 5*t - 2. Let z be v(-6). Suppose -3*g - 3 + 1 = -4*f, 2*f = -z*g + 34. What is the units digit of g?
6
Suppose 0 = 6*g - 9*g + 102. What is the tens digit of g?
3
Let o(y) = 2*y**2 + 5*y - 1. Let t be o(-4). Suppose 4*h = 20, -t = -3*d + 6*h - h. What is the units digit of d?
2
Let b = -22 - -55. Suppose 2*x = -5*o - x - 73, -5*o + 2*x = 93. Let u = o + b. What is the tens digit of u?
1
Let x = 2 + 10. What is the tens digit of x?
1
Let j = 2 - 1. Let o = -1 + 11. What is the units digit of j/(2/o + 0)?
5
What is the units digit of 12/36 + (-47)/(-3)?
6
Suppose -2*g = 2*h - 12, -2*g - 1 - 22 = -5*h. Suppose h*y - y - 100 = 0. What is the tens digit of y?
2
Suppose -2*p + g + 18 = 0, 2*p - g = g + 18. What is the units digit of p?
9
Let z(n) = -n**2 + 3*n - 1. Let a be z(2). Let u = 7 - 5. Suppose -u - a = -t. What is the units digit of t?
3
Suppose 0 = -2*d - 2*d. Suppose -2*f + 32 = 2*w + 2*w, d = w. What is the units digit of f?
6
Suppose 7*s - 285 - 345 = 0. What is the tens digit of s?
9
Let q = 97 - 45. What is the units digit of q?
2
Let h = 4 - 10. Let w be h/3*1 + 27. Suppose 5*b = -3*n + w, 2*b - 4*b - n = -10. What is the units digit of b?
5
Suppose o + 80 = 6*o. Suppose -12 = -4*f - 3*h, -4*f + 4 - o = -3*h. Suppose -2*z = 4*n - 42, 0 = -5*n + 3*z - f*z + 47. What is the units digit of n?
0
Let z(m) = -m - 3. Let b be z(-4). Let l(s) = 15*s**3 + 2*s**2 - 1. Let x be l(b). Let a = x - 7. What is the units digit of a?
9
Let k be (-3)/(-3 + (-6)/(-4)). Suppose -12 = -h - k*h. What is the units digit of h?
4
Let s = -19 - -39. Let x = -6 - -9. Suppose -2*g - n = -11, -x*g + s = 8*n - 3*n. What is the units digit of g?
5
Let l(z) = -z**2 + 12*z - 2. Let n be l(12). Let p(o) = 7*o**2 + 4*o + 3. What is the tens digit of p(n)?
2
Suppose -3*u = -0*u - 69. What is the tens digit of u?
2
What is the tens digit of (-3)/12*1 - (-1167)/12?
9
Let r = 27 - 13. Let c be 3/9*r*3. Let z = 26 - c. What is the tens digit of z?
1
Suppose 2*n - 4 = -x + 7, 2*x = -5*n + 25. Let a(w) = 1 + 2 - 5 - n*w + 4*w. What is the units digit of a(6)?
4
Suppose 0 = 52*q - 47*q - 940. What is the units digit of q?
8
Suppose 5*x = 176 + 69. What is the units digit of x?
9
Suppose 43*w - 39*w = 112. What is the tens digit of w?
2
Let s(f) = -f**3 + 5*f**2 + 7*f + 2. Let b(g) = g - 5. Let u be b(0). Let h be 1 - (-3 - -3) - u. What is the units digit of s(h)?
8
Suppose 0 = 2*u - 11 - 245. What is the hundreds digit of u?
1
Let o(f) = 6*f**3 + 9*f**3 - f + 3 + 6*f**2 - 14*f**3. What is the tens digit of o(-4)?
3
Let w = -7 - -2. Let u = w - -18. What is the units digit of u?
3
Let b(y) = -y**2 - 9*y + 7. What is the tens digit of b(-6)?
2
Let j(s) = -44*s**3 + 5*s**2 - 8*s - 7. Let h(i) = -44*i**3 + 4*i**2 - 7*i - 6. Let u(w) = 6*h(w) - 5*j(w). What is the tens digit of u(-1)?
4
Suppose 5 = l, 6*l - 2*l = 3*w + 11. Suppose -a + 111 = 3*m - m, -w*m = -a - 164. Suppose 0 = f + 4*f - m. What is the units digit of f?
1
Let p = 221 - 142. Suppose 0 = -c + i + 36, 3*c - 22 = -4*i + p. What is the tens digit of c?
3
Suppose -4*u = -6*u - 4, -5*i = -4*u + 117. Let h = -15 - i. What is the units digit of 15/h*(-8)/(-6)?
2
Let q be (-3 + 1)/((-3)/96). Suppose 5*g - 143 = 4*o, 0 = -4*g + 2*g + 5*o + q. What is the tens digit of g?
2
What is the hundreds digit of 374 + ((-6)/2)/3?
3
Let l(k) = 8*k - 19. Let q(j) = 7*j - 18. Let o(m) = -5*l(m) + 6*q(m). Let r be o(10). Let i = 9 - r. What is the units digit of i?
2
Suppose -5*v + 48 = -4*v. Suppose -i = i + v. What is the units digit of (-70)/(-8) + (-6)/i?
9
Let h be (-4)/(-22) - (-31)/11. Let k(a) = -a**3 + 2*a**2 + 5*a - 4. Let f be k(h). Suppose z - 9 = f. What is the units digit of z?
1
Let c be (2/3)/(2/(-18)). Let o = -3 - c. Let k(n) = n**2 - 3*n + 1. What is the units digit of k(o)?
1
Let m = 29 - 21. Let o = m - 6. Suppose -6*r + 32 = -o*r. What is the units digit of r?
8
Let z = -89 - -202. What is the units digit of z?
3
Suppose -4*a + 3*a = 0, -5*a = -2*v + 8. Let m = 9 + v. What is the units digit of m?
3
Let a be (-1)/2 - 10/(-4). Suppose 0 = -7*l + a*l + 10. What is the units digit of 273/7*l/6?
3
Let x be 1 + 0*(-3)/12. What is the tens digit of 0 - ((x - 27) + 0)?
2
Let p(i) = 2*i**2 - 3*i. Let q be p(2). Suppose q*y - 3*k = 19, 7*k + 10 = -y + 2*k. What is the units digit of y?
5
Suppose -l = 3*l - 164. What is the units digit of l?
1
Let s be (-3)/12 - 34/(-8). Suppose 3*x + 15 = 2*z, 0*z - x + 9 = s*z. Let i = 5 - z. What is the units digit of i?
2
Let j = 11 - 1. Suppose 6*l - 20 = j. What is the units digit of l?
5
Let p = -3 + -3. Let a(h) = 4*h**2 - 8 + 4*h**2 - 2*h - 3*h**2 + h**3 - 6*h. What is the units digit of a(p)?
4
Suppose 132 = 2*p - 0*p. What is the units digit of p?
6
Suppose 0 = -2*s + 5*a + 418, 4*a = -4*s + 786 + 50. What is the tens digit of s?
0
What is the units digit of -2*(3/2 + -3)?
3
What is the tens digit of -5*(-5 + (-51)/15)?
4
Suppose 0 = -4*s - 4*p + 24 + 8, -s - 4*p = -11. What is the units digit of s?
7
What is the units digit of (0 + 103/4)/((-5)/(-20))?
3
Suppose -a + 3 = -2*l, -2*a - 3*l + 34 = 2*a. Suppose 2 + a = f. What is the units digit of f?
9
Let o = 31 - 4. What is the units digit of o?
7
Let s(j) = 11*j**2 + 1. What is the tens digit of s(-1)?
1
Suppose 4*w = 2*w + 8, -5*a + 277 = -2*w. Suppose 4*x + 36 = 5*n - a, 3*x + 69 = 4*n. What is the units digit of x/(-3)*(-2)/(-6)?
3
Suppose -3*n = -0*n - 4*s, -2*s = 0. Suppose b - 3 = -n*b. What is the units digit of b?
3
Suppose 2*d = 5*p - 2*d - 160, 0 = -d. What is the tens digit of p?
3
Let o = 25 - 49. Let u = o + 13. Let j = -8 - u. What is the units digit of j?
3
Suppose 3*u + 11 = 5*q - 1, -3*q = 0. Let h(z) be the second derivative of z**4/12 + z**3/6 - 5*z**2/2 - 2*z. What is the units digit of h(u)?
7
Let w be (-5)/(-20) - 7/(-4). What is the units digit of w + -1 - (-1 + -6)?
8
Suppose 3*q + 13 = 5*t, 5*q = 2*t + 5 + 5. Let o be 154/q + 5/10. Suppose 5*u - o = 6. What is the units digit of u?
9
Let v be (-3)/4*-4 + -3. Suppose 3*l = -v + 12. What is the units digit of l?
4
Suppose -o - 3*x - 8 = -32, x - 104 = -3*o. Suppose -4*q - 12 = -o. Suppose -q*c = -4*c - 18. What is the units digit of c?
9
Let z = -6 + 8. What is the units digit of z?
2
Let w be 5 + 2/(4/2). What is the units digit of (w/(-18))/((-1)/15)?
5
Suppose 0 = 9*k - 6*k. Suppose -4*z - z + 75 = k. What is the units digit of z?
5
Suppose 4*f + 598 = 4*b + 6*f, 0 = 5*b + 5*f -